 - -2). List the prime factors of ((-24)/m)/((-8)/(-28)).
2, 3
Let y = -87 + 190. What are the prime factors of y?
103
Let i(j) be the first derivative of -2*j**2 - 15*j - 1. Let b = 61 + -72. List the prime factors of i(b).
29
Let c be 1/5 + 18588/60. Suppose -14*z = -9*z - c. What are the prime factors of z?
2, 31
Let m = 56 - 31. Suppose r - 6*r + m = 0. List the prime factors of r.
5
Let i be (-3)/((-3)/2) + 1. Suppose l - 1 = 0, -i*c + 3*l - 227 = -5*c. List the prime factors of c.
2, 7
Suppose -247 = -3*a - 4*y, -a - y + 5*y + 61 = 0. Suppose -2*x - 6 = 0, 0*j + a = 4*j + 5*x. What are the prime factors of j?
23
Let o = 757 + -247. What are the prime factors of o?
2, 3, 5, 17
Suppose -2*u + 1097 = 3*s - u, s - 2*u - 368 = 0. Suppose 6*m - 582 = s. What are the prime factors of m?
2, 79
Let v(f) = 7*f - 48 - 3*f + 2*f + 7*f. What are the prime factors of v(12)?
2, 3
Suppose -256 = 4*g + p - 0*p, -4*g - 264 = 3*p. Let c = g - -143. List the prime factors of c.
2, 5
Let g(m) = -m**2 + 23*m + 65. List the prime factors of g(25).
3, 5
Suppose 3*t - 4827 = -3*v, -22*v + 19*v = 5*t - 4831. List the prime factors of v.
1607
Suppose -3*u + 5 + 1 = 2*r, u = -5*r + 15. Suppose u = 2*o + 5*n - 203, -7*n = 3*o - 4*n - 282. What are the prime factors of o?
89
Suppose -10 = -4*z - z. Suppose -14 = -f + z. List the prime factors of (-20)/8*f/(-10).
2
Let n(f) = 317*f - 405. List the prime factors of n(6).
3, 499
Let l be 8 + (-106)/13 + (-5594)/(-26). Suppose -4*m + 783 = l. List the prime factors of m.
2, 71
What are the prime factors of 10*((-12555)/(-25))/9?
2, 3, 31
Suppose 0 = -3*m + 9 + 6. Suppose -267 = -m*o + 128. What are the prime factors of o?
79
Let p(a) = 2*a**3 - 14*a**2 - 22*a + 25. What are the prime factors of p(10)?
3, 5
Let o(g) be the first derivative of -3*g**2/2 - 9*g + 1. Let t(c) = c. Let h be t(-7). What are the prime factors of o(h)?
2, 3
Suppose -2*d + 2 = r, 3*r - d - 19 = r. Suppose r*c - 158 = 6*c. List the prime factors of c.
79
Let q = -32 - -19. Let k = 15 + q. Suppose -3*r + 305 = 7*z - 2*z, 242 = 4*z + k*r. What are the prime factors of z?
2, 29
Let o be (-6)/(7 + -4) - -22. Let x = 23 - o. Suppose 132 = x*s - 3*i, 5*s + 0*i + 2*i - 213 = 0. List the prime factors of s.
43
Let h = 7 - 9. Let c be (0 + h)*-1*1. Suppose -c*v - 3*v + 90 = 0. List the prime factors of v.
2, 3
Let h = 294 + -47. Suppose -3*t - m = -h, 6*t - 154 = 4*t + 2*m. What are the prime factors of t?
3
Suppose 0 = 5*s + 7*u - 2*u - 1780, 3*s + 2*u = 1065. What are the prime factors of s?
353
Suppose j - 4 = 0, -2*z - 2*z = -2*j - 4188. What are the prime factors of z?
1049
Suppose 159*p - 2236 = 155*p. What are the prime factors of p?
13, 43
Let z = 25 - 20. Suppose -z*x = -565 + 80. What are the prime factors of x?
97
Suppose 28 = -12*n + 16*n. Let r(v) = -v**3 + 7*v**2 + 9*v + 8. List the prime factors of r(n).
71
Let s = 711 - 452. What are the prime factors of s?
7, 37
Let p = 1334 - -388. What are the prime factors of p/27 - 2/(-9)?
2
Suppose 0 = -3*k + 5*k. Suppose -60 = -k*t - 3*t. Suppose -4*h + g + t + 35 = 0, 10 = h + g. List the prime factors of h.
13
Let n(f) = -f + 6. Let r be n(-8). Suppose 0 = 16*w - r*w - 262. What are the prime factors of w?
131
Let z(n) = -4*n - 2 - 5*n**2 + 6*n**2 + 6*n + 0*n + 7*n**3. List the prime factors of z(1).
2
Let a(o) = -o**2 - 11*o - 8. Let w be a(-7). Let y(x) = x - 6. Let u be y(8). Suppose -f + u = -w. List the prime factors of f.
2, 11
Suppose 3*t - 8 = -4*r, 2*t + 2*r - 6*r = -8. Suppose -2*c + 209 = 3*h, 4*h - 2*c - c - 256 = t. List the prime factors of h.
67
Suppose -29*v + 26*v = -393. List the prime factors of v.
131
Let h(r) = 23*r + 4. Let g be h(4). Suppose 2*u = 5*u - g. List the prime factors of u.
2
Suppose b - 16 = -5*m, b - 2 = -3*m + 8. Let a be (b + 0)/(-1) + 3. List the prime factors of (9 - 11)/(a/(-4)).
2
Let t be ((-4)/8)/(3/30). Let m = t + 8. What are the prime factors of 18/m*(-21)/(-6)?
3, 7
Let n be (56/49)/(4/14). Suppose -2*w = -n*w. What are the prime factors of 4 - -9 - (w - 0)?
13
Suppose -4*n + 4782 = 4*k - 10, -3*k = -5*n + 5982. What are the prime factors of n?
3, 7, 19
Let g(a) be the second derivative of -11*a**3/6 - 17*a**2/2 + 25*a. What are the prime factors of g(-4)?
3
Suppose j + 1 = -7. Let n(s) be the second derivative of -s**3/2 - 17*s**2/2 - 191*s. List the prime factors of n(j).
7
Let v = -176 + 218. What are the prime factors of v?
2, 3, 7
What are the prime factors of ((-294)/35 - -8)/((-1)/1300)?
2, 5, 13
Let o(w) = 269*w + 252. List the prime factors of o(7).
5, 7, 61
Suppose -23*i - 1151 = -l - 18*i, -2*l + i = -2284. What are the prime factors of l?
7, 163
Let j = 533 - 190. List the prime factors of j.
7
Suppose 0 = 3*f - 9, -3*j + 4*f + 923 - 146 = 0. Let r = j - 155. What are the prime factors of r?
2, 3
Suppose 3*d = w - 247, 15*w + 4*d = 14*w + 212. What are the prime factors of w?
2, 29
Suppose 7*k - 4 = -11. Let b be 3/((-2)/(-4) - -1). List the prime factors of k*(-2 - 36)/b.
19
Let t(w) = 36*w**2 + 23*w - 153. List the prime factors of t(8).
5, 467
Suppose 3*g = 487 - 1726. Let t = -294 - g. What are the prime factors of t?
7, 17
Suppose 5*g + 5 = 0, 0*g - 3029 = -3*v - 4*g. What are the prime factors of v?
3, 337
Let i be (-1 - 39/(-45)) + (-308)/(-60). Suppose -2*h + 486 = i*z, -5*z + 0*z - 3*h = -489. List the prime factors of z.
2, 3
Let j(q) = q**3 - 10*q**2 + 11*q - 1. Suppose 7 + 38 = 5*g. Let t be j(g). Suppose -3*b + t = -2*b. List the prime factors of b.
17
Suppose 3*a - 1 = -2*o + 1, -14 = -2*a + 5*o. Suppose -a*c - c + 342 = 0. Suppose 3*z + 15 = c. List the prime factors of z.
3, 11
Let q(i) = 43*i - 10. Let x be q(6). Suppose -x = -h - 90. List the prime factors of 2/(h/(-54) - -3).
3
Let x(i) = 8*i**2 - i + 4. Let o = -10 + 7. Let n be x(o). Suppose -3*w + n = -0*w + 4*m, -5*m = -4*w + 157. What are the prime factors of w?
3, 11
Let o = 4132 - 2637. List the prime factors of o.
5, 13, 23
Suppose -7*m = -13566 + 1498. What are the prime factors of m?
2, 431
Let u be 2/(-2)*(0 - -149)*-3. List the prime factors of u/6 + (-2)/4.
2, 37
Suppose -4*w + 0*w + 112 = 4*v, -4*v + 112 = -w. Let l = v + 100. List the prime factors of l.
2
Let n(f) = -f**2 - 8*f + 7. Let g(r) = 2*r**2 + 16*r - 15. Let a(k) = -k + 3. Let x be a(0). Let b(z) = x*g(z) + 5*n(z). What are the prime factors of b(-10)?
2, 5
Let u(n) = -n - 2. Let w be u(-5). Let z(l) = 2*l + 1. Let g(d) = -2*d - 1. Let k(s) = -2*g(s) + z(s). List the prime factors of k(w).
3, 7
Let s(o) = o**3 - 5*o**2 + o - 1. Let h be s(5). Let c be (6 - 3)*1 - 0. Suppose 0 = c*u - 41 - h. What are the prime factors of u?
3, 5
Suppose -83*j = -91*j + 3840. List the prime factors of j.
2, 3, 5
Let c(u) = 4*u**2 - 3*u + u**2 - 2*u**2. List the prime factors of c(4).
2, 3
Suppose 5442 = 4*x - 2*j, -14*x + j - 2719 = -16*x. What are the prime factors of x?
2, 5, 17
Let r = 527 - -295. List the prime factors of r.
2, 3, 137
Suppose 2*a + 26 = 34. Suppose w + r = 92, a*r + 31 = 11. What are the prime factors of w?
97
Let y = -3 - -103. Let z = -180 + y. Let j = 122 + z. What are the prime factors of j?
2, 3, 7
Suppose -4*c + 11*c = 2*c. Let o(d) = -d**3 + d**2 - 2*d + 109. List the prime factors of o(c).
109
Suppose 26*w - 31*w = 10, -2140 = -2*v - 2*w. What are the prime factors of v?
2, 67
Let x = -1001 + 1682. List the prime factors of x.
3, 227
Suppose -31 = j - 132. Suppose 0 = 2*i - 71 - j. What are the prime factors of i?
2, 43
Let k(h) = 22*h - 3. Let y be k(5). Suppose 2*s = 5*n - 82, 0*n - 47 = s - n. Let d = s + y. What are the prime factors of d?
2, 7
Let h(x) be the third derivative of x**4/24 - 2*x**3/3 + 6*x**2. Let f be h(7). Let p = f - 1. List the prime factors of p.
2
Let h be 1/2*(-60)/(-3). Let v(w) = w**2 - 7*w - 17. What are the prime factors of v(h)?
13
Let b(y) = y**3 - y**2 - 2*y + 205. Suppose 2*r - 2*j + 8 = 0, 2*r - 2*j + 5*j - 12 = 0. What are the prime factors of b(r)?
5, 41
Suppose 14*u - 13*u = 13. Suppose 691 = 8*j - u. List the prime factors of j.
2, 11
Suppose -409*v = -407*v - 616. List the prime factors of v.
2, 7, 11
Let c = -24 + 13. Let u = c - -14. Suppose 0 = u*t - 4*t + 25. List the prime factors of t.
5
Let y(s) = -s**3 - 6*s**2 - s - 3. Let w = -9 + 3